 -1 = 3*t - 16. Let a(w) = 7*w + 13. Let p be a(-2). Let i be t - (p - 0)*-2. Give n(i).
0
Suppose 5*k - 4 = k. Let h(d) = d + 10 + d**2 - 3 - k. Suppose -4*n = 5*y + 15, 2*n - 2*y - 3 = 3. What is h(n)?
6
Let f be 24/14*42/12. Let w be (2 + 3)*f/15. Let h(x) = 4*x**3 + 13 + 4*x**2 + 3*x - 6 - w - 3*x**3. Calculate h(-4).
-7
Let c = 92 + -92. Suppose c = 124*b - 130*b + 36. Let r(z) = 6*z**3 - 11*z**2 - 6*z - 1. Let t(q) = q**3 - q**2 - q. Let d(w) = -r(w) + 5*t(w). What is d(b)?
7
Let v(m) = 125*m**2 + 10*m - 6 - 66*m**2 - 60*m**2. Determine v(4).
18
Let f(r) = -r + 14. Suppose 0 = -0*t + 4*t + 480. Let a = -120 - t. Determine f(a).
14
Let z(n) = n**2 + n - 8. Let o be -13 + 20 + 10/(-2). Give z(o).
-2
Let c(p) = 3*p - 2. Suppose 5*g + 2*d + 15 = 0, 4*g + 15 = 5*g + 4*d. Give c(g).
-17
Let r(y) = -3*y**2 - 5*y + 3. Let f(l) = -17*l**2 - 25*l + 16. Let u(h) = -2*f(h) + 11*r(h). What is u(3)?
-5
Let a(x) be the third derivative of -x**5/60 + 13*x**4/24 - 2*x**3 + 50*x**2. Calculate a(11).
10
Suppose -4 - 6 = -5*f. Let x be (3 - 5)/(f*-1). Let w(s) = s**2 + s. Calculate w(x).
2
Let f(b) = 2*b**2 - b - 1. Let k be (-25)/(-10)*(1 - 3/(-15)). Let d be ((-2 - 2) + 3)*-5 - k. Calculate f(d).
5
Let q(j) = 0*j + 0*j - j + 3*j**3 + 2*j - 3 - 7*j**2. Let n(u) = u**3 - u**2 + 1. Let p(v) = -2*n(v) + q(v). Give p(5).
0
Let s(o) = -4*o**3 - 4*o**2 - 7*o - 3. Let g(l) = -5*l**3 - 4*l**2 - 8*l - 2. Let f(j) = 3*g(j) - 4*s(j). Calculate f(-4).
-10
Suppose -h - 20 = -3*l - 5*h, 3*l - 4*h = 4. Suppose 0 = t - 0*t + 1, 5*y + l*t = 6. Let x(v) = 5*v + 76*v**y + v + 7 - 77*v**2. Determine x(6).
7
Let a(q) = 4*q. Suppose -3*t = 5*o + 29, 4*o + 42 = 2*t + 10. Determine a(o).
-28
Let i(j) = j + 2. Let b(q) = 9*q + 11. Let o(u) = -8*u - 10. Let r(t) = -5*b(t) - 6*o(t). Let z(h) = -17*i(h) + 6*r(h). Let d = -6 + 6. What is z(d)?
-4
Let b(o) be the second derivative of o**4/12 + o**3 + 3*o**2 - 21*o. Let h be (3 - (5 - 2))/1. Suppose -3*l + l - 12 = h. Determine b(l).
6
Let q(v) be the third derivative of -v**6/120 + v**5/5 - 5*v**4/12 - 7*v**3/3 - 208*v**2. Calculate q(11).
-3
Let h(d) = 3*d**2 + 4*d. Let t(a) = -a**2 - a. Suppose -11*g + 8*g + 15 = 0. Let c(y) = g*t(y) + h(y). Determine c(2).
-10
Let b = 22 - 20. Suppose 0 = 5*k - y - 5, 1 = 3*k - 5*y - b. Let p(u) = 6*u - 1. Calculate p(k).
5
Suppose -2*n + 2 = 4*d, 3*n = d - 3 - 8. Let z(x) = -2*x**d - 8*x**2 - x**3 - 7*x - 4 + 3*x**2. What is z(-6)?
2
Let d(g) = -30*g**3 + 35*g**3 + 0*g - g + 2*g**2. Suppose 4*p - 2 = -170. Let m be (48/p)/4 + 9/7. Give d(m).
6
Suppose -3 + 0 = -x, -3*p = -x - 12. Let n(y) = 0*y**2 - p - y**3 + 2*y**3 + 9*y**2 + 7*y. Give n(-8).
3
Let b(k) = 8*k + 12 - 9*k + 13*k**3 + 10*k**3 - 33*k**3 + 17*k**2 + 9*k**3. What is b(17)?
-5
Suppose d + 21 = -6*d. Let n(u) be the third derivative of -u**5/60 - u**4/12 + u**3/6 - 6*u**2. Give n(d).
-2
Suppose -5*r - 1 = -3*x - 23, -5*x - 2*r + 15 = 0. Let m(c) = 10*c - 6. Let z(o) = -11*o + 8. Let u(w) = -4*m(w) - 3*z(w). What is u(x)?
-7
Let y(f) = -4 - f**2 + 7 + 0*f + 2 - 3*f. Let q be y(2). Let k(t) be the third derivative of -t**6/120 - t**5/12 - 5*t**3/6 - t**2. What is k(q)?
-5
Let x(m) = -m + 7. Let c = -29 + 29. Suppose 5*w + 3*i - 32 = c, -w = w - i - 15. Calculate x(w).
0
Let a = -1745 - -1747. Let b(f) = -8*f**2 - f. Calculate b(a).
-34
Suppose 0*h + 15 = a + 2*h, -h = 2*a - 15. Let x(n) = -7*n**3 + 38*n**2 + 14*n. Let k(c) = -3*c**3 + 16*c**2 + 7*c. Let z(m) = 5*k(m) - 2*x(m). Calculate z(a).
10
Suppose 3*f = 5*y - f + 11, 5 = -3*y + 4*f. Suppose -g = -3*b - 20, 0*g + 62 = 4*g - 3*b. Let k(t) = -2*t + g + 11 - 28. What is k(y)?
3
Let m(w) = 2*w - 4. Let p(x) = -x**2 - 8*x - 7. Let d be p(-6). Suppose -z - d*y - 25 = 4*z, 0 = -3*z - 4*y - 19. Let t = z - 2. What is m(t)?
-10
Let b = 68 + -56. Let q(z) = -120*z**2 + 119*z**2 - 3 + b. Determine q(0).
9
Let c(h) = 1 + 9 + 24 + h**3 + 5 - h**2. What is c(0)?
39
Let n(z) = -2*z - 19. Let g = -283 + 278. Give n(g).
-9
Let m(y) = y**2 + y - 2. Let k be m(1). Let h(f) = -f**2 - 1 - f + 3*f**2 + 4*f**2 + k + f**3. Let v = -10 - -4. What is h(v)?
5
Let l(z) = 32*z + 172. Let n be l(-5). Let v(m) = -4*m + 17. Calculate v(n).
-31
Let k(h) = -h**2 + 2*h - 1. Let r be 4/(-10) - 469/(-335). Determine k(r).
0
Let s(k) = 2*k + 1 - 330*k**2 + 172*k**2 + 168*k**2. Give s(-1).
9
Let d(n) = -3*n**3 - 4*n**2 - 2*n. Let s = -84 - -82. Determine d(s).
12
Let o(r) = -6*r**2 - 5*r - 4. Let a(i) = -5*i**2 - 4*i - 3. Let k(c) = 5*a(c) - 4*o(c). Suppose -19 = -5*u + 21. Let q be u/12*-1*3. What is k(q)?
-3
Let i = 9 - -2. Let z = i + -7. Let r(s) be the first derivative of -s**4/4 + 2*s**3/3 + 2*s**2 - s + 43. Determine r(z).
-17
Let y(f) = 2*f**2 + 5 - f + 8*f + 0*f - f**2. Let u(s) = s + 2. Suppose 0 = -2*h, 27 = -4*l - 4*h - 9. Let m be u(l). Calculate y(m).
5
Let g(m) be the third derivative of -m**6/120 - m**5/60 - m**3/2 - 37*m**2. Let h(d) = -5*d**2 - d**3 + 8 - 8. Let w be h(-5). Give g(w).
-3
Suppose -4*i - 14 + 3 = 3*z, -z - 2*i = 5. Let q(a) = 15*a**3 + 2*a**2 - 1. What is q(z)?
-14
Let w(l) = 2*l**2 - 75*l - 208. Let x be w(40). Let n(f) = f**3 + 6*f**2 - 19*f - 17. What is n(x)?
7
Let w be (-4)/14*-1*7. Suppose -4*s - 2 = -3*r, 0*s - w*r = -5*s - 6. Let j(b) = 2*b**2 - 2*b - b - 2 - 1. What is j(s)?
11
Let r(o) = 10*o - 134. Let z be r(13). Let n(d) = d**3 + 4*d**2 - 2. Determine n(z).
-2
Let b(r) = 3*r**3 + 48*r**2 - 48*r + 59. Let p(z) = -z**3 - 16*z**2 + 16*z - 20. Let v(u) = -6*b(u) - 17*p(u). Give v(-17).
3
Suppose 0 = 69*i - 81*i + 24. Let w(c) = -3 + 3 + c**3 + 2 - c**2. Give w(i).
6
Let n(t) = -7*t**2 + 16*t - 13. Let y(j) = -2*j**2 + j + 1. Let o(v) = n(v) - 3*y(v). What is o(11)?
6
Let a(r) = -r**2 - 6*r + 6. Suppose -28*p - 116 = -32*p. Let b be -2*3/(-6) - -1. Suppose 3*i = 2*k - 16, -b*k + k = -5*i - p. What is a(i)?
6
Let l(f) = -f**2 - f + 3. Let g(b) = 3*b**2 + 5*b - 6. Let m(y) = -g(y) - 2*l(y). Calculate m(-3).
0
Let o(b) = -6*b**3 - 6*b**2 + 23*b - 2. Let v(y) = -2*y**3 - 2*y**2 + 8*y - 1. Let g(i) = 3*o(i) - 8*v(i). Suppose 76*z - 12*z = -192. What is g(z)?
23
Suppose 58 + 17 = -3*a. Let i = 23 + a. Let j(f) = -f**2 - 2*f - 3. What is j(i)?
-3
Let c = -114 - -103. Let g be 1 + -2 - (14 - 0). Let l = g - c. Let t(s) = s**3 + 3*s**2 - 6*s - 4. Give t(l).
4
Let b(z) be the third derivative of -z**5/60 + 7*z**4/24 + 3*z**3/2 - 156*z**2. Calculate b(8).
1
Suppose 12 - 2 = 5*r. Let t(q) = 2*q**3 - r + 0 - 3*q**3 - q + 6 - 5*q**2. Suppose 0*y + 4*y - 2*o = -20, -2*y = -2*o + 12. Give t(y).
-8
Let n = 139 - 136. Let k(x) be the first derivative of 0*x - 1/3*x**n - 1 - 2*x**2. What is k(-4)?
0
Let j be -2 + -1 - (-12 + 8). Let p(d) = d**3 - 3*d**2 + 4*d - 2. What is p(j)?
0
Let n(p) be the third derivative of p**6/120 + p**5/6 + p**4/3 - 5*p**3/3 - 33*p**2. Determine n(-9).
-1
Let k(y) = y + 8. Let x be k(-6). Suppose x*d = p - 42, -d + 6*d + 20 = 0. Let r(v) = -34*v + 3*v**2 + p*v + 1. Calculate r(1).
4
Let v(m) = 93671 + 0*m - m**2 + 3*m - 93671 - 5*m. Give v(-1).
1
Let z(p) = p**2 - 9*p - 3. Let b(h) = -h**3 - 6*h**2 - 5*h + 9. Let m be b(-5). Calculate z(m).
-3
Suppose -f + 24 = -3*w + 2*f, -5*w - 3*f - 16 = 0. Let m be (3 - (-44)/(-20))*w. Let g(d) = 5*d**2 + 6 + 0*d**3 + d**3 + 2*d + 2*d. Give g(m).
6
Let z(u) = 18*u + 22. Let m(j) = 5*j + 5. Let n(a) = 9*m(a) - 2*z(a). Determine n(3).
28
Let b(t) = -6*t - 8. Let n(l) = -2*l - 3. Let a be 8/(-12)*1*-9. Let h(z) = a*b(z) - 17*n(z). What is h(7)?
-11
Let g(c) = 7*c + 1. Let w(q) = -40*q - 8. Let f(a) = 6*g(a) + w(a). Calculate f(-2).
-6
Suppose n - 20 = 5*m, -21*m + 23*m + 8 = n. Let l(a) be the third derivative of 0*a**4 - 1/6*a**3 + 0*a**5 + 0 + n*a - 1/60*a**6 - a**2. What is l(1)?
-3
Let f(g) = -2*g - 9. Let n be f(-6). Let j = 5 + n. Suppose j = 2*x - 4. Let a(u) = -u + 5. Calculate a(x).
-1
Let y(p) = 9*p + 8. Let f(t) = 12*t + 12. Let w(u) = 5*f(u) - 7*y(u). What is w(3)?
-5
Let a(t) = -t**3 + 11*t**2 + 11*t + 3. Let z = 100 + -88. Calculate a(z).
-9
Let f(v) be the second derivative of 0 - 1/4*v**4 - 1/20*v**5 - 3/2*v**2 + 25*v - 1/3*v**3. Determine f(-3).
3
Let w(b) be the third derivative of b**5/12 - b**4/12 - b**3/3 + b**2. Let a(z) = z**3 + 11*z**2 + 39*z + 187. Let q be a(-9). Calculate w(q).
22
Let f = 103 + -101. Let h(c